{"id":1017,"date":"2020-05-09T20:27:11","date_gmt":"2020-05-09T18:27:11","guid":{"rendered":"https:\/\/vvandel.io\/?page_id=1017"},"modified":"2020-05-11T17:17:36","modified_gmt":"2020-05-11T15:17:36","slug":"press","status":"publish","type":"page","link":"https:\/\/vvandel.io\/en\/office-for-digital-transformation\/press\/","title":{"rendered":"Press"},"content":{"rendered":"\n\n\n<\/div>\n\n<\/div>\n\n<\/div>\n\n<div class=\"container-fluid pageheader\">\n\n  <div class=\"container\">\n\n    <div class=\"row\">\n\n      <div class=\"col-md-10 col-md-offset-1\">\n\n        <header class=\"page-head article-header\">\n          <div class=\"\">\n            <h1 class=\"page-title entry-title\" itemprop=\"headline\">\n              Our office in the press?              <small>Whether analog on paper, in the radio or online. We enjoy talking to others about the topics that are so important to us.<\/small>\n            <\/h1>\n          <\/div>\n        <\/header>\n\n      <\/div>\n\n    <\/div>\n\n    <div class=\"row\">\n      <div class=\"col-xs-4 text-right\" data-aos=\"zoom-in-left\" data-aos-duration=\"1500\" data-aos-delay=\"300\"\n        data-aos-easing=\"ease-in-sine\">\n        <i class=\"icon-newspaper headericon\"><span class=\"sr-only\"><\/span><\/i>\n      <\/div>\n      <div class=\"col-xs-4 text-center\" data-aos=\"zoom-in\" data-aos-duration=\"1500\" data-aos-delay=\"300\"\n        data-aos-easing=\"ease-in-sine\">\n        <i class=\"icon-radio headericon\"><span class=\"sr-only\"><\/span><\/i>\n      <\/div>\n      <div class=\"col-xs-4 text-left\" data-aos=\"zoom-in-right\" data-aos-duration=\"1500\" data-aos-delay=\"300\"\n        data-aos-easing=\"ease-in-sine\">\n        <i class=\"icon-tv headericon\"><span class=\"sr-only\"><\/span><\/i>\n      <\/div>\n\n    <\/div>\n\n  <\/div>\n\n<\/div>\n\n<div class=\"container\">\n\n  <div id=\"content\" class=\"clearfix row\">\n\n    <div class=\"col-md-12 clearfix\">\n\n      \n\n\n\n<p>When the office was founded, we were very enthusiastic about our double V. And we still are today. But that vvandel.io GmbH is not necessarily suitable for pronunciation on the radio was something we didn&#8217;t consider at that time. German broadcasters NDR and R.SH overlooked this and still like to talk to us. For example, about home office in times of Corona:<\/p>\n\n\n\n<p>&#8211; NDR:  Horst und Mandy am Morgen at 19th March 2020<br>&#8211; R.SH: SCHLESWIG-HOLSTEIN BEI DER ARBEIT! at 23th March 2020<br>&#8211; R.SH: DIE WACH-MITTMANN-SHOW at 5th May 2020<\/p>\n\n\n\n<p>And although we believe in digitization, we continue to believe in the importance of analog and regional media. That&#8217;s why we are always happy when people talk about us \u2013 and not just digitally. For example, there have already been the following stories published about us:<\/p>\n\n\n\n<p>&#8211; wirtschaft published 05\/2020: <a rel=\"noreferrer noopener\" href=\"https:\/\/www.ihk-schleswig-holstein.de\/share\/flipping-book\/4774172\/index.html#page\/27\" target=\"_blank\">Digitalisierung ist kein fertiges Produkt<\/a><br>&#8211; SHZ from 17th March 2020: <a rel=\"noreferrer noopener\" href=\"https:\/\/www.shz.de\/lokales\/flensburger-tageblatt\/aus-solidaritaet-gunnar-ploehn-gibt-starthilfe-fuers-home-office-id27719472.html\" target=\"_blank\">Aus Solidarit\u00e4t: Gunnar Pl\u00f6hn gibt Starthilfe f\u00fcrs Home-Office <\/a><\/p>\n\n\n\n<h2>Are you a member of the press?<\/h2>\n\n\n\n<p>Are you currently researching on topics such as digital transformation, home office, digital nomadism or even entrepreneurship in northern Europe? Feel free to contact us, we will support you in your work and help you with your questions.<\/p>\n\n\n\n<p>For us it is important that these topics get access to the population. This is best done through the press. And therefore we are happy to take our time for you.<\/p>\n\n\n\n      <div class=\"col-md-12 text-center top40\" data-aos=\"fade-up\" data-aos-duration=\"1500\" data-aos-offset=\"0\"\n        data-aos-easing=\"ease-in-sine\">\n        <a class=\"btn btn-default btn-cta\" href=\"https:\/\/vvandel.io\/en\/contact\/\"\n          onclick=\"javascript:_paq.push(['trackEvent', 'click', 'cta-button', 'https:\/\/vvandel.io\/en\/office-for-digital-transformation\/press\/']);\"\n          role=\"button\">talk about the change<\/a>\n      <\/div>\n\n      \n","protected":false},"excerpt":{"rendered":"<p>When the office was founded, we were very enthusiastic about our double V. And we still are today. But that vvandel.io GmbH is not necessarily suitable for pronunciation on the radio was something we didn&#8217;t consider at that time. German broadcasters NDR and R.SH overlooked this and still like to talk to us. For example,&#8230;<br \/><a class=\"excerpt-read-more btn btn-link pull-right\" href=\"https:\/\/vvandel.io\/en\/office-for-digital-transformation\/press\/\" title=\"ReadPress\">Read more<\/a><\/p>\n","protected":false},"author":1,"featured_media":0,"parent":252,"menu_order":0,"comment_status":"closed","ping_status":"closed","template":"","meta":[],"_links":{"self":[{"href":"https:\/\/vvandel.io\/en\/wp-json\/wp\/v2\/pages\/1017"}],"collection":[{"href":"https:\/\/vvandel.io\/en\/wp-json\/wp\/v2\/pages"}],"about":[{"href":"https:\/\/vvandel.io\/en\/wp-json\/wp\/v2\/types\/page"}],"author":[{"embeddable":true,"href":"https:\/\/vvandel.io\/en\/wp-json\/wp\/v2\/users\/1"}],"replies":[{"embeddable":true,"href":"https:\/\/vvandel.io\/en\/wp-json\/wp\/v2\/comments?post=1017"}],"version-history":[{"count":4,"href":"https:\/\/vvandel.io\/en\/wp-json\/wp\/v2\/pages\/1017\/revisions"}],"predecessor-version":[{"id":1067,"href":"https:\/\/vvandel.io\/en\/wp-json\/wp\/v2\/pages\/1017\/revisions\/1067"}],"up":[{"embeddable":true,"href":"https:\/\/vvandel.io\/en\/wp-json\/wp\/v2\/pages\/252"}],"wp:attachment":[{"href":"https:\/\/vvandel.io\/en\/wp-json\/wp\/v2\/media?parent=1017"}],"curies":[{"name":"wp","href":"https:\/\/api.w.org\/{rel}","templated":true}]}}

</div>

</div>

</div>

<div class="container-fluid pageheader">

  <div class="container">

    <div class="row">

      <div class="col-md-10 col-md-offset-1">

        <header class="page-head article-header">
          <div class="">
            <h1 class="page-title entry-title" itemprop="headline">
              Our office in the press?              <small>Whether analog on paper, in the radio or online. We enjoy talking to others about the topics that are so important to us.</small>
            </h1>
          </div>
        </header>

      </div>

    </div>

    <div class="row">
      <div class="col-xs-4 text-right" data-aos="zoom-in-left" data-aos-duration="1500" data-aos-delay="300"
        data-aos-easing="ease-in-sine">
        <i class="icon-newspaper headericon"><span class="sr-only"></span></i>
      </div>
      <div class="col-xs-4 text-center" data-aos="zoom-in" data-aos-duration="1500" data-aos-delay="300"
        data-aos-easing="ease-in-sine">
        <i class="icon-radio headericon"><span class="sr-only"></span></i>
      </div>
      <div class="col-xs-4 text-left" data-aos="zoom-in-right" data-aos-duration="1500" data-aos-delay="300"
        data-aos-easing="ease-in-sine">
        <i class="icon-tv headericon"><span class="sr-only"></span></i>
      </div>

    </div>

  </div>

</div>

<div class="container">

  <div id="content" class="clearfix row">

    <div class="col-md-12 clearfix">

      



<p>When the office was founded, we were very enthusiastic about our double V. And we still are today. But that vvandel.io GmbH is not necessarily suitable for pronunciation on the radio was something we didn&#8217;t consider at that time. German broadcasters NDR and R.SH overlooked this and still like to talk to us. For example, about home office in times of Corona:</p>



<p>&#8211; NDR:  Horst und Mandy am Morgen at 19th March 2020<br>&#8211; R.SH: SCHLESWIG-HOLSTEIN BEI DER ARBEIT! at 23th March 2020<br>&#8211; R.SH: DIE WACH-MITTMANN-SHOW at 5th May 2020</p>



<p>And although we believe in digitization, we continue to believe in the importance of analog and regional media. That&#8217;s why we are always happy when people talk about us – and not just digitally. For example, there have already been the following stories published about us:</p>



<p>&#8211; wirtschaft published 05/2020: <a rel="noreferrer noopener" href="https://www.ihk-schleswig-holstein.de/share/flipping-book/4774172/index.html#page/27" target="_blank">Digitalisierung ist kein fertiges Produkt</a><br>&#8211; SHZ from 17th March 2020: <a rel="noreferrer noopener" href="https://www.shz.de/lokales/flensburger-tageblatt/aus-solidaritaet-gunnar-ploehn-gibt-starthilfe-fuers-home-office-id27719472.html" target="_blank">Aus Solidarität: Gunnar Plöhn gibt Starthilfe fürs Home-Office </a></p>



<h2>Are you a member of the press?</h2>



<p>Are you currently researching on topics such as digital transformation, home office, digital nomadism or even entrepreneurship in northern Europe? Feel free to contact us, we will support you in your work and help you with your questions.</p>



<p>For us it is important that these topics get access to the population. This is best done through the press. And therefore we are happy to take our time for you.</p>



      <div class="col-md-12 text-center top40" data-aos="fade-up" data-aos-duration="1500" data-aos-offset="0"
        data-aos-easing="ease-in-sine">
        <a class="btn btn-default btn-cta" href="https://vvandel.io/en/contact/"
          onclick="javascript:_paq.push(['trackEvent', 'click', 'cta-button', 'https://vvandel.io/en/office-for-digital-transformation/press/']);"
          role="button">talk about the change</a>
      </div>
